{"id":214,"date":"2016-12-22T18:08:55","date_gmt":"2016-12-22T18:08:55","guid":{"rendered":"http:\/\/d6c8da1efc.url-de-test.ws\/?page_id=214"},"modified":"2017-01-09T21:36:35","modified_gmt":"2017-01-09T21:36:35","slug":"contactez-nous","status":"publish","type":"page","link":"http:\/\/www.demartd.com\/?page_id=214","title":{"rendered":"CONTACTEZ NOUS"},"content":{"rendered":"<h3>DEMARTD<\/h3>\n<h4>Daniel DE MARTINHO<\/h4>\n<h4>24 boucle de la colonne de MERTEN<\/h4>\n<h4>57360 AMNEVILLE<\/h4>\n<h4><\/h4>\n<h4>Horaires d&rsquo;ouverture :<\/h4>\n<h4>Du lundi au Vendredi<\/h4>\n<h4>Matin : 9h00 \u00e0 12h30<br \/>\nApr\u00e8s-midi : 13h30 \u00e0 18h00<\/h4>\n<h4><\/h4>\n<h4>Mobile : 07 82 75 14 60<\/h4>\n<h4><a href=\"mailto:ddemartinho@gmail.com\">ddemartinho@gmail.com<\/a><\/h4>\n<p>&nbsp;<\/p>\n<p>&nbsp;<\/p>\n","protected":false},"excerpt":{"rendered":"<p>DEMARTD Daniel DE MARTINHO 24 boucle de la colonne de MERTEN 57360 AMNEVILLE Horaires d&rsquo;ouverture : Du lundi au Vendredi Matin : 9h00 \u00e0 12h30 Apr\u00e8s-midi : 13h30 \u00e0 18h00 Mobile : 07 82 75 14 60 ddemartinho@gmail.com &nbsp; &nbsp;<\/p>\n","protected":false},"author":1,"featured_media":0,"parent":0,"menu_order":0,"comment_status":"closed","ping_status":"closed","template":"","meta":[],"_links":{"self":[{"href":"http:\/\/www.demartd.com\/index.php?rest_route=\/wp\/v2\/pages\/214"}],"collection":[{"href":"http:\/\/www.demartd.com\/index.php?rest_route=\/wp\/v2\/pages"}],"about":[{"href":"http:\/\/www.demartd.com\/index.php?rest_route=\/wp\/v2\/types\/page"}],"author":[{"embeddable":true,"href":"http:\/\/www.demartd.com\/index.php?rest_route=\/wp\/v2\/users\/1"}],"replies":[{"embeddable":true,"href":"http:\/\/www.demartd.com\/index.php?rest_route=%2Fwp%2Fv2%2Fcomments&post=214"}],"version-history":[{"count":3,"href":"http:\/\/www.demartd.com\/index.php?rest_route=\/wp\/v2\/pages\/214\/revisions"}],"predecessor-version":[{"id":730,"href":"http:\/\/www.demartd.com\/index.php?rest_route=\/wp\/v2\/pages\/214\/revisions\/730"}],"wp:attachment":[{"href":"http:\/\/www.demartd.com\/index.php?rest_route=%2Fwp%2Fv2%2Fmedia&parent=214"}],"curies":[{"name":"wp","href":"https:\/\/api.w.org\/{rel}","templated":true}]}}